at is the greatest common divisor of 68 and 5214614?
34
What is the highest common divisor of 96 and 47952?
48
What is the highest common factor of 1261 and 50674?
13
Calculate the highest common factor of 70 and 518270.
10
Calculate the greatest common factor of 151254 and 36.
18
What is the greatest common factor of 149 and 18342347?
149
What is the highest common factor of 292923 and 9?
9
Calculate the highest common divisor of 9600 and 1650.
150
Calculate the greatest common divisor of 874 and 70104.
46
Calculate the highest common factor of 1208 and 24.
8
Calculate the highest common divisor of 3921 and 51.
3
Calculate the highest common divisor of 15 and 447.
3
What is the highest common divisor of 99015 and 245?
35
What is the greatest common factor of 1810 and 550?
10
Calculate the greatest common divisor of 440 and 32120.
440
What is the highest common divisor of 15 and 345415?
5
Calculate the greatest common factor of 126 and 2359.
7
What is the greatest common factor of 404 and 16?
4
Calculate the highest common factor of 22914 and 152.
38
What is the highest common factor of 3509 and 6148?
29
Calculate the highest common factor of 1276 and 67408.
44
Calculate the highest common divisor of 139535 and 236.
59
Calculate the highest common divisor of 96 and 74904.
24
Calculate the highest common divisor of 4208 and 68192.
16
What is the highest common factor of 170 and 6585290?
170
Calculate the greatest common divisor of 54262 and 650.
26
Calculate the greatest common factor of 1444 and 10564.
76
What is the greatest common factor of 57481 and 47?
47
Calculate the greatest common divisor of 1152 and 48177.
9
Calculate the greatest common factor of 145 and 530555.
145
What is the highest common factor of 21924 and 638928?
3132
Calculate the highest common divisor of 31990 and 140.
70
Calculate the highest common factor of 16 and 1550800.
16
Calculate the greatest common factor of 192 and 755472.
48
What is the greatest common factor of 330 and 455?
5
What is the greatest common divisor of 6455 and 210?
5
Calculate the highest common divisor of 4226784 and 96.
96
What is the highest common factor of 31176 and 4716?
36
What is the highest common factor of 110057 and 471?
157
What is the highest common factor of 66126 and 1284?
642
Calculate the greatest common factor of 9562 and 753349.
683
What is the greatest common divisor of 462 and 469?
7
What is the highest common factor of 6 and 6706398?
6
What is the greatest common divisor of 11993 and 3082?
67
What is the highest common factor of 312 and 14118?
78
Calculate the highest common divisor of 138 and 38655.
3
What is the highest common divisor of 7701 and 1071?
51
What is the greatest common divisor of 39 and 691496?
13
What is the highest common divisor of 519 and 18511?
173
What is the greatest common divisor of 262 and 5371?
131
Calculate the highest common divisor of 374191 and 1954.
977
Calculate the highest common factor of 147516 and 12.
12
What is the greatest common factor of 247 and 82498?
247
Calculate the highest common divisor of 317791 and 299.
23
Calculate the highest common divisor of 30264 and 3120.
312
What is the greatest common divisor of 9252 and 21852?
36
What is the greatest common factor of 26955 and 480?
15
Calculate the highest common divisor of 64950 and 1050.
150
What is the highest common divisor of 89287 and 242?
11
Calculate the highest common divisor of 14 and 17827222.
14
Calculate the highest common divisor of 2276640 and 1088.
544
Calculate the highest common factor of 74766 and 816.
102
Calculate the highest common factor of 784 and 44128.
112
What is the highest common divisor of 48887 and 83?
83
Calculate the highest common divisor of 9460 and 70.
10
What is the highest common divisor of 279558 and 434?
62
Calculate the greatest common divisor of 13152 and 10752.
96
What is the highest common factor of 196 and 1708?
28
What is the highest common factor of 4600 and 55660?
460
What is the highest common factor of 5538 and 505662?
426
What is the greatest common factor of 132936 and 191?
191
Calculate the highest common divisor of 3465732 and 1104.
276
Calculate the greatest common factor of 1534000 and 100.
100
Calculate the highest common factor of 8922500 and 83.
83
Calculate the highest common factor of 81 and 44307.
81
What is the greatest common factor of 18588360 and 420?
420
Calculate the highest common factor of 264 and 16302.
66
What is the highest common divisor of 259049 and 322?
161
What is the highest common factor of 6762 and 1743?
21
Calculate the highest common factor of 301312 and 66.
22
Calculate the highest common factor of 342 and 1421922.
114
What is the greatest common factor of 3655638 and 756?
378
What is the greatest common factor of 15 and 197020?
5
What is the greatest common factor of 936 and 584298?
234
Calculate the highest common factor of 9788 and 100.
4
Calculate the highest common factor of 928 and 162.
2
What is the greatest common factor of 4077 and 108?
27
What is the greatest common factor of 840 and 1670?
10
What is the highest common divisor of 350 and 25760?
70
What is the highest common divisor of 9318 and 453?
3
Calculate the greatest common factor of 1279131 and 34.
17
Calculate the greatest common factor of 7585 and 3321.
41
Calculate the greatest common factor of 26 and 1794.
26
Calculate the greatest common factor of 696836 and 4.
4
Calculate the highest common divisor of 1592474 and 3588.
598
Calculate the highest common factor of 7144 and 3496.
152
Calculate the highest common factor of 1345 and 196639.
269
What is the greatest common divisor of 1631 and 518?
7
Calculate the highest common factor of 1170 and 24102.
234
What is the highest common factor of 8339930 and 62?
62
Calculate the highest common divisor of 247 and 13949.
13
What is the greatest common divisor of 63383 and 482?
241
Calculate the greatest common divisor of 133927 and 6368.
199
Calculate the highest common factor of 13104 and 189.
63
What is the greatest common factor of 360 and 230112?
72
Calculate the highest common factor of 6336 and 5456.
176
Calculate the greatest common divisor of 162708 and 26.
26
What is the highest common divisor of 71 and 713?
1
Calculate the highest common divisor of 256 and 64256.
256
What is the greatest common factor of 1888 and 356360?
472
What is the greatest common factor of 10185 and 3045?
105
Calculate the greatest common divisor of 64 and 80392.
8
What is the greatest common divisor of 645 and 2368827?
129
Calculate the greatest common factor of 13872 and 66708.
204
Calculate the highest common factor of 710 and 1690.
10
What is the highest common factor of 2208 and 169464?
552
What is the highest common divisor of 1281 and 305?
61
What is the greatest common factor of 4 and 65204?
4
Calculate the highest common factor of 608 and 1387.
19
Calculate the greatest common factor of 30053 and 5371.
41
Calculate the highest common divisor of 1357 and 65826.
23
Calculate the highest common divisor of 523595 and 230.
115
Calculate the highest common divisor of 14448 and 28266.
42
Calculate the highest common divisor of 152 and 31112.
8
Calculate the highest common factor of 1005211 and 723.
241
What is the greatest common factor of 3403 and 2241?
83
Calculate the highest common factor of 73 and 10009395.
73
What is the greatest common factor of 25275 and 12675?
75
What is the highest common factor of 80 and 29090?
10
What is the highest common divisor of 260 and 30433?
13
What is the greatest common divisor of 336519 and 45?
9
Calculate the greatest common divisor of 41412 and 136.
68
Calculate the highest common divisor of 11532 and 612.
12
Calculate the highest common divisor of 161008 and 8352.
464
Calculate the highest common factor of 632349 and 4437.
153
What is the greatest common divisor of 24384 and 960?
192
Calculate the highest common divisor of 14333 and 319.
11
What is the highest common factor of 1900260 and 1275?
255
Calculate the greatest common divisor of 82 and 189748.
82
Calculate the highest common factor of 3995 and 2444.
47
What is the highest common factor of 74 and 205498?
74
What is the greatest common factor of 125 and 15025?
25
What is the highest common divisor of 2212